ose 0 = -4*m - 3*i - 12, 5*m + 9 = -4*i - 6. Determine b(m).
1
Let p(y) = -y**2 - 9*y - 7. Suppose 0 = -5*h + 7*h + 12. Determine p(h).
11
Let m(f) be the first derivative of -f**2/2 - 7*f + 1. Suppose -2*y - y = -6. Suppose y*z = 3*z + 5. What is m(z)?
-2
Let r(a) = a**3 + a**2 - 4*a - 1. Let d(w) = 3*w + 3. Let b be d(-2). Give r(b).
-7
Let m(x) be the third derivative of 0*x - x**2 + 0 - 5/24*x**4 + 1/6*x**3 + 1/60*x**5. Let s be 0/(-1) - 2/(-1). What is m(s)?
-5
Let a(c) be the second derivative of c**5/20 - c**4/12 - c**3/6 + 3*c. Let t(z) = 3*z - 1. Let w be t(1). Calculate a(w).
2
Let d(w) = 11*w - w**2 - 17*w + 2*w**2. Give d(3).
-9
Let g be (-6)/(-15)*5 - -3. Let n(q) = -3 + 7*q - q - 2*q - q**2. What is n(g)?
-8
Let w(f) = -f - 6. Let u be (-1508)/145 - 4/(-10). What is w(u)?
4
Let q = 7 - 4. Let n = q - 4. Let i(h) = 3*h**2 - h - 1. Calculate i(n).
3
Let k(m) = -2*m**2 - 2*m + 3. Let t be ((-18)/(-15))/(6/20). Suppose 8 = -2*a + a + 2*f, -5*a - t*f = -30. Give k(a).
-9
Let c(x) = -x**2 - 3*x + 3. Let f = -18 - -13. What is c(f)?
-7
Let t be (-2)/((-1)/(1 - (-9)/(-6))). Let g(j) = -11*j**3 - 9*j**2 - 2*j - 9. Let b(o) = -5*o**3 - 5*o**2 - o - 5. Let n(c) = 7*b(c) - 4*g(c). Calculate n(t).
-8
Let o(s) be the second derivative of s**4/6 - s**2/2 + 6*s. Let m be o(1). Let i(g) = -3*g**3 - 2*g**2 + 3*g**2 + 1 - g**3 - g. Determine i(m).
-3
Let f(n) = -6*n**2 + 3*n**2 - 4 + 2*n**2 - 3 - 5*n. Calculate f(-5).
-7
Let a be -2*25/10*-1. Let p(o) = o**3 + o + 1. Let t(v) = v**2 - v + 1. Let r(q) = p(q) - 6*t(q). Calculate r(a).
5
Let s(g) = g**2 - 7*g + 5. Let u(c) = c**3 - 5*c**2 + 5*c + 2. Let q be u(4). Calculate s(q).
-1
Let n(u) = -8*u - 2. Let y(w) = 3*w + 1. Let c(b) = 3*n(b) + 7*y(b). Determine c(-1).
4
Let t(d) be the second derivative of d**3/6 + d**2 + d. Let k = 16 + -5. Let x(q) = -q**2 + 10*q + 11. Let p be x(k). What is t(p)?
2
Let h(k) = k**3 + 5*k. Let g(f) = -f**2 - 4*f - 1. Let t(u) = 3*g(u) + 2*h(u). What is t(3)?
18
Let n = 4 + -8. Let z(p) = 2*p**2 + 13*p + 2. Let i(q) = q**2 + 6*q + 1. Let a(w) = -2*w - 6. Let b be a(-4). Let f(u) = b*z(u) - 5*i(u). Determine f(n).
-1
Let w(q) = 2*q - 10. Let b(g) = -g - 7. Let h be b(0). Let v be w(h). Let d be v/14 + (-4)/14. Let o(z) = z**3 + z**2 + 2. Determine o(d).
-2
Let v(h) = 3*h + 1. Let y = -1 - 0. Let r be (-8)/(y - -3) - -3. Determine v(r).
-2
Let p(u) be the first derivative of -u - 1 + 3/2*u**2 - 1/3*u**3. Let x be p(3). Let b(z) = -6*z**3 - z**2 - z. Determine b(x).
6
Let u(s) = 4*s + 2*s**3 - 9 - s + 8*s**2 + 7*s - 3*s**3. Let d be u(9). Suppose 0 = -3*o + h, -h - 3*h = d. Let n(k) = k**2 - k - 10. Calculate n(o).
-10
Let k be (-38)/(-2) - 6/6. Let a = k - 13. Suppose -5*p + 19 = -2*r + 6, p - r - a = 0. Let t(l) = -10*l + 1. Give t(p).
-9
Let m(u) = -1 + 19*u + 15*u - 33*u. Calculate m(1).
0
Let t = 0 - -1. Let m(g) = 2*g**2 + g - 1. Give m(t).
2
Let t(g) be the first derivative of -1/3*g**3 + 3*g**2 - 7 + 2*g. Give t(6).
2
Let a(q) = -q**2 - 7*q + 10. Let z be a(-8). Let v(c) = 1 + z + 1 - 2*c - 2. What is v(-3)?
8
Let s(w) = -w + 1. Let q(u) = u**3 - 3*u**2 + 2*u. Let z be q(3). Let l be (-4)/(-6) - (-2)/z. Let p(v) = 4*v - 2. Let o(d) = l*p(d) + s(d). What is o(-1)?
-4
Let u(m) = 2*m + 3 - 4 - 4 - 2*m**2 + 4. Give u(2).
-5
Suppose 2*s - 2 = -o, 2*o + 0*s - 5*s + 23 = 0. Let w be (6/o)/((-6)/8). Let q(l) = -5*l**2 + 5*l**w - 7*l**2 + 7 - 5*l - l**3. Determine q(-6).
1
Let s(n) = -n - 11. Let b be (2/4)/((-1)/38). Let z = -7 - b. Suppose -36 + z = 4*t. What is s(t)?
-5
Suppose 3*c = 4*c. Suppose 2*p + 3*o = -11, -2*p + 2*o = 3*p - 20. Let r(m) = 3*m - 4*m - 2 - p. What is r(c)?
-4
Suppose 0 = 2*v - 0*v - 4. Let j = 0 - v. Let f(d) = d**2 + 2*d + 2. Calculate f(j).
2
Let w(k) = -k + 3. Suppose 0 = 2*h + 2*h - 4. Let r = h - -3. Give w(r).
-1
Suppose -2*m = 3*m. Suppose m = -3*d - 20 + 5, 4*d + 17 = r. Let c(z) = z**2 + 4*z + 4. Give c(r).
1
Let a(k) = -k + 9. Let f be a(6). Suppose -4 = -f*z + 5. Let x(h) = z*h**2 + 1 + h**3 + 2*h - 2*h**2 - 3*h. Determine x(0).
1
Let a(k) = -10 - 6*k + 9*k - 2*k. Calculate a(5).
-5
Let i(n) = -22*n + n**3 + 18*n + 0 + 2 + 0*n**2 - 2*n**2. Suppose 2*l - 3 = 3. Determine i(l).
-1
Let u(o) = 0*o**3 - 5*o - o**3 - o + o**2 + 5*o**2. Suppose -4 = 2*c - 3*c. Calculate u(c).
8
Let c(b) = b**3 + 6*b**2 + 6*b - 1. Let k be ((-1)/(-3))/((-15)/225). Calculate c(k).
-6
Let f(y) = y - 3. Let c be f(2). Let i(v) = -10*v**3 + v + 1. Let p(m) = m**3 + m**2. Let t(r) = c*i(r) + p(r). Give t(-1).
-10
Let s(r) = r**2 - r - 1. Let k(h) = h**2 - 2*h + 4. Let z be k(2). Let d be z + (2/1 - 4). Calculate s(d).
1
Suppose 4*m - 12 = 16. Let k(x) = x**2 - 6*x - 3. Let d be k(m). Let l(t) = -t**2 + 5*t - 1. Determine l(d).
3
Let x(r) = -5*r - 1. Let c be ((-2)/5)/((-2)/5). Let f = 0 + c. Calculate x(f).
-6
Let v(t) = t**2 - 9*t - 2. Suppose 0 = -55*y + 53*y + 18. What is v(y)?
-2
Let y(s) be the third derivative of s**4/12 - s**3/3 + s**2. Suppose 0 = -4*j - j + 4*g - 22, 6 = 3*j + 4*g. Calculate y(j).
-6
Let k(m) be the third derivative of -m**8/6720 + m**7/5040 - m**5/60 + 2*m**2. Let j(x) be the third derivative of k(x). Let u = -10 - -11. Determine j(u).
-2
Let j(f) = -8 + 0 + 5 - 5 + 2*f. Give j(6).
4
Suppose o - 1 = 2*f, f = 2*o - 6*o - 5. Let m(w) = 3*w**3 + 2*w**2 - 1. Give m(o).
-2
Let h(b) = -9*b**3 + 10*b**3 + 7*b**2 - 4 + b + 5. Calculate h(-7).
-6
Let b be 119/9 - (-6)/(-27). Let v(j) = 11*j**3 - 5*j**2 - 4. Let a(f) = 5*f**3 - 2*f**2 - 2. Let d(k) = b*a(k) - 6*v(k). Calculate d(2).
6
Suppose -4*j = -3*r, 3*j + 3*r - 15 = 2*j. Let y(t) = -t**3 + 2*t**2 + t - 1. Calculate y(j).
-7
Let a be (-8 - -4) + 3/(-1). Let q = 9 + a. Suppose 4*v = 2*v - q. Let b(x) = x**3 + 2*x**2 + x + 1. Calculate b(v).
1
Suppose 24*w - 24 = 20*w. Let i(v) = v**2 - 4*v - 8. Determine i(w).
4
Let l be (-10)/(-20) + (-2)/(-4). Let q be (-6)/4 - l/2. Let a(b) = 2*b. What is a(q)?
-4
Let y = -5 + 7. Let z(k) = -2*k - 3*k + 2*k**2 + 0*k**2 + y + k. Suppose -12 = -3*l - l. Determine z(l).
8
Let l(j) be the first derivative of -j**3/3 + j**2/2 + j - 1. Suppose 2*k = -2*k. Let r = k - 1. What is l(r)?
-1
Let w(y) = -4*y**3 + 19*y**2 - 22*y - 13. Let u(t) = -5*t + 1 + 3 - 6*t**2 + 12*t + t**3. Let o(z) = -7*u(z) - 2*w(z). Let c(h) = h. Let q be c(-5). Give o(q).
-2
Suppose 6*d - d = 0. Suppose 0 = -o - d + 4. Let l(i) be the third derivative of -i**4/12 + 2*i**3/3 - 2*i**2. What is l(o)?
-4
Let c be 10/(-45) - (-60)/27. Let w(v) be the second derivative of c*v - v**2 + 0 + 1/6*v**3. What is w(2)?
0
Let j be (35/(-21))/(2/(-6)). Let g(b) = -3*b - 3. Calculate g(j).
-18
Let y be (0 - (-8)/6)*-3. Let f = y + 1. Let o = f - -5. Let n(r) = r**3 - r**2 - 2*r + 1. What is n(o)?
1
Let h(b) be the first derivative of b**2/2 - 5*b + 2. Let m(a) = -2*a + 5. Let s(j) = -4*h(j) - 3*m(j). Calculate s(-6).
-7
Let u be ((-24)/(-9) - 3)*-3. Let w be (2 - u)/(3/12). Let v(k) = 1 + 0 - k + 2. Determine v(w).
-1
Let n(q) = -2*q**3 + 3*q**2 + 3*q - 5. Let r be n(2). Let x(w) = 8*w - 9. Let c(b) = -2*b + 2. Let d(v) = 9*c(v) + 2*x(v). Calculate d(r).
6
Let p(u) = u + 2. Let q = 0 - -2. Let d(f) = 2*f + 40. Let r(j) = -2. Let k(n) = 2*d(n) + 36*r(n). Let x(i) = q*k(i) - 9*p(i). Calculate x(-5).
3
Let x(d) = -2*d + 4 + 4*d - d. Let n be (0 + 2)*(-2 + 21/6). Calculate x(n).
7
Let t(j) = -5*j**3 + 13*j**2 - j + 7. Let h(z) = -2*z**3 + 6*z**2 - z + 3. Let s(g) = -7*h(g) + 3*t(g). Determine s(-4).
0
Let r(x) = x**3 + x - 17. Suppose h + 4*s = 0, 2*h - h = s. Give r(h).
-17
Let o(f) = f**3 + 3*f**2 - 2*f - 3. Let u be o(-3). Let q(y) = y**2 + 6*y + 1. Let j(p) = -p**2 - p + 1. Let k(l) = 3*j(l) + q(l). What is k(u)?
-5
Let f(n) = n**2 - 5*n**2 + n + 3*n**2. Let z(y) = -5*y**2 + 8 - y + 0*y**3 + 0*y + y**3 - 3*y**2. Let q be z(8). What is f(q)?
0
Let p = -1 + 7. Let n(q) = -1. Let g(c) = c**3 - 6*c**2 - 2*c + 4. Let k(t) = g(t) + n(t). Give k(p).
-9
Let t(a) = -a**2 - 3*a + 3. Let i(j) = -j**3 + 5*j**2 + 4*j - 1. Let n be i(6). Let g = 9 + n. Determine t(g).
-1
Suppose -7 - 14 = -3*l. Let m be 88/14 + (-2)/l. Let w(u) = -u**3 + 6*u**2 + 3. Give w(m).
3
Let f(d) = 7*d + 1 + d**2 + 7 - 3. Let v be (125/10)/(2/4). Let s be ((-2)/(-2))/((-5)/v). Calculate f(s).
-5
Let a(q) = 7*q**2 - q - 8. Let d(l) = 2*l**2 - 3